9*o = -4*j - 130*o + 239802. Is j prime?
True
Let s = -8552 + 13413. Is s prime?
True
Let z(u) = -5*u - 10. Let d be z(-2). Suppose d = 10*o - 16*o. Suppose 2*k - 4*y - 2018 = o, -387 - 2640 = -3*k + y. Is k prime?
True
Let s(q) = 13*q**2 + 78*q - 192. Is s(-69) a composite number?
True
Let i = -3181 + 13930. Let s = -7127 + i. Is s a prime number?
False
Suppose 0 = -7*s + s + 24. Let f(b) = 167*b - 19. Is f(s) a prime number?
False
Is 259/(-14)*(2 + -2590 + 6) prime?
False
Let y = 48665 - -50942. Is y composite?
False
Suppose 4*a - 5*t = 349262, a + 125*t - 122*t = 87307. Is a a composite number?
False
Suppose a + 2*a = 4*t + 18, 0 = -3*a - t + 18. Is 4/(-8)*-8 + 133458/a a composite number?
False
Suppose 20*u = -136*u + 29791949 - 10550753. Is u prime?
True
Let w = -2500 + 3769. Let a = 1498 + w. Is a a prime number?
True
Is 8385482/1078*7 - 2/11 composite?
True
Is (-29937 + 18)*2/(5 + -7) a prime number?
False
Let n(u) = -11*u**2 + 10*u - 18. Let j(g) = 23*g**2 - 20*g + 35. Let r(s) = -3*j(s) - 7*n(s). Is r(-34) a composite number?
True
Let a(j) = -5*j**2 + j - 2. Let d = -14 + 15. Let y be a(d). Is 125 - 3*4/y prime?
True
Suppose 3600350 = -27*h + 13850441. Is h a prime number?
True
Let d = -983 - -981. Let b(x) = -1679*x + 28. Is b(d) composite?
True
Let w be (-714)/18 - 2*3/18. Let q = 45 + w. Suppose 638 = q*y - 2627. Is y prime?
True
Suppose -25 = 4*u + u, 4*f = 4*u + 1312. Suppose 0 = 2*b + o - 293, -f = -2*b - 2*o + 7*o. Is b a prime number?
True
Suppose -21 + 21 = -9*z. Suppose z = 2*a - 31024 + 1610. Let d = a - 6216. Is d prime?
False
Suppose 7*l - 75*b + 70*b = 96953, 0 = 4*b + 8. Is l prime?
False
Is (-105895)/2*242/(-605) a prime number?
True
Let x = -200380 - -281537. Is x a composite number?
False
Is 9451914/212 - (-5)/(-2) composite?
True
Let l(r) = -285*r - 692. Is l(-50) a prime number?
False
Is ((-934600)/500)/((-4)/410) prime?
False
Let g(l) = -3*l + 154*l**2 - 2*l + 6*l - 3*l + 18. Is g(4) composite?
True
Let y = 175 + -172. Is (-2)/((-44095)/14695 + y) a composite number?
False
Suppose -16*n + 1179453 = 230125. Is n composite?
False
Let x(d) = -5038*d**3 + 3*d**2 + 3*d + 1. Suppose 3*y = 3*f - 16 - 2, -2*f - 6 = 4*y. Let l be (-10)/30*f*1. Is x(l) a prime number?
True
Let r = 13718 + -3177. Suppose 0 = 22*h - 27*h - 4*n + 23, 20 = 2*h - 2*n. Suppose h*p - 41950 = -r. Is p prime?
False
Let d(v) = -5*v**3 + 18*v**2 - 22*v + 19. Let q be d(14). Let u = q + 16480. Is u prime?
False
Is (12763 + -62)/(-2 - -3) a composite number?
True
Suppose -18*f - 44*f = -5376578. Is f composite?
False
Let h(m) = -5249*m + 14003. Is h(-24) a composite number?
True
Let y be (8/(-4)*-6)/(21/(-28)). Is y/32*(-1486)/1 prime?
True
Suppose 0 = 3*r + 2*x - 6, 2*r - 5*r = 5*x - 6. Suppose 3*f + 4390 = -r*f. Is 1 + (1 + -3 - f) a composite number?
False
Suppose -4*i - 1404812 + 5456098 = -v, 2025640 = 2*i + v. Is i prime?
False
Let p(m) = -2*m**2 - 25*m - 3. Let g be p(-12). Is g/(-81) - (-14)/36*6632 a prime number?
True
Let i(r) = r**3 + 75*r**2 - 2*r - 317. Is i(-69) composite?
False
Suppose f = 2*h + 44155, -4*h = 348*f - 351*f + 132469. Is f prime?
True
Suppose 2*a + 218118 = a + 827507. Is a a prime number?
False
Let r be (-597)/(-398) + -1*1/(-2). Suppose -2*s + 422 = -r*p, 7*p = 8*p. Is s a prime number?
True
Suppose -10*b + 2501 = -111079. Suppose -34*z = -52*z + b. Is z prime?
True
Suppose 5*c - 10*c + 5*v + 1299935 = 0, 2*c - 519994 = -3*v. Is c a composite number?
False
Let h(k) = -61238*k + 1221. Is h(-1) prime?
True
Suppose 0 = -6*q + 119055 + 50468 + 90823. Is q a composite number?
False
Let o(a) = 2*a**2 + a + 2. Let l be o(-2). Suppose 19860 = l*i - 33124. Is i composite?
True
Suppose p + 54*l - 3003 = 58*l, 2*l = p - 3001. Is p a composite number?
False
Let v(g) be the second derivative of g**4/12 - g**3/6 - g**2/2 - 20*g. Let x(n) = -26*n**2 - 3*n + 18. Let o(b) = -v(b) - x(b). Is o(6) composite?
False
Let c(n) = 5*n - 6 + 23*n + 24*n**2 - 2*n - n**3. Is c(19) composite?
False
Let y(r) = -51*r + 47. Let x be 3*2/8*1140/15. Let p = x - 79. Is y(p) prime?
False
Suppose -3995 = -c + 5*v, -3*v = 5*c - 5*v - 19906. Let n = c - -8411. Is n a prime number?
True
Let m be 1 + 142308/8 + (-5)/(-10). Let z = 37631 - m. Is z prime?
True
Let i = -58941 + 229134. Is i prime?
False
Suppose 3*x = 5*p + 24, 2*x + p - 3 = -0. Let s be x - (2/(-1) - -4). Is s/((-6)/(-84)*2/151) composite?
True
Suppose 0 = -2*l + 6*l + 5*m - 82243, 2*l - 41111 = m. Is l prime?
False
Let f = 387467 + -156458. Is f a prime number?
False
Let o(r) = -238197*r + 1094. Is o(-3) prime?
False
Suppose 41170 = 4*c - 3*d, -3*c + 10507 + 20408 = 4*d. Is c composite?
True
Suppose -12 = -894*v + 888*v. Is 13/((-3)/(-5286)*v) composite?
True
Let a(s) = 2*s - 17. Let z be a(12). Let f(w) = -208*w - 29. Let x(d) = 624*d + 86. Let h(c) = 11*f(c) + 4*x(c). Is h(z) composite?
False
Suppose -457*l + 732 = -459*l. Let n be 607080/(-85) + (-2)/(-17). Is 7 - l/(-54) - n/18 composite?
False
Suppose 96*d - q + 1113287 = 100*d, -5*d = q - 1391608. Is d composite?
False
Let q be ((-111)/(-6))/(700/232 + -3). Is (q/(-2) - 5/10)*-1 prime?
False
Let g(j) = 2*j**2 - 9*j - 22. Let n(o) = 6*o + 165. Let r be n(-25). Is g(r) composite?
False
Let g = -3 + 44. Let t = 45 - g. Suppose -t*x = x - 3565. Is x a prime number?
False
Let u(x) = 6*x**2 - 50*x + 12. Let w be u(6). Is ((-2307)/4)/(6 - (-459)/w) a prime number?
False
Let z be (-1)/((9/(-54))/(1/3)). Suppose 3*o + 0*o = -z*w + 1475, -5*w - 5*o = -3680. Is w a composite number?
False
Suppose 2205031 + 4569764 = 45*a. Is a composite?
False
Let v = 370993 + -259174. Is v a prime number?
False
Let d(r) = -745*r**2 + 4. Let n be d(2). Let z = -5597 - n. Let p = -1162 - z. Is p prime?
True
Let z(w) = 615*w - 188. Let y(i) = 614*i - 190. Let v(c) = -4*y(c) + 3*z(c). Is v(-5) a prime number?
True
Let m = 42 + -8. Suppose 33*v = m*v + 122. Let b = v - -204. Is b a composite number?
True
Let a = 126367 + -89534. Is a a composite number?
False
Let o be (-1)/2 - 111/6. Is ((-7978)/10)/(o/95) a composite number?
False
Suppose -5*u + 26907 = j - u, 2*j - 3*u - 53825 = 0. Suppose -j = -30*d + 342659. Is d prime?
False
Suppose 0 = 28*p - 27*p - 7. Suppose -p*s + 130271 = -279068. Is s a composite number?
False
Suppose 161 = 4*s - 419. Suppose -s*g - 7274 = -147*g. Is g prime?
True
Let p(m) = 10*m**2 + 16*m + 5. Let g(o) = -5*o**2 - 8*o - 2. Let v(a) = -5*g(a) - 2*p(a). Is v(3) composite?
True
Let o(w) = -72*w + 134*w + 2*w**2 - 64*w + 4 - w**3. Let t be o(0). Suppose -5*v + 3037 = t*x, -2*x + 1541 = v - 6*v. Is x a prime number?
False
Is 6 - (2534835/(-33) + (-2)/(-11)) a prime number?
True
Let p(s) = -s + 7. Let r be p(3). Let y be (1693/r)/(-1*(-4)/16). Suppose 2*i - y = i. Is i prime?
True
Let j = -270 - -313. Suppose -38*g - j = -39*g. Is g a prime number?
True
Let f(c) = -205*c - c**2 + 26 - 224*c + 479*c. Is f(21) prime?
False
Let t(x) = 2*x**3 + 14*x**2 + 11*x - 11. Let p be t(10). Suppose 91 = 2*i - p. Is i prime?
False
Let b(s) be the second derivative of 2*s**4 - 4*s**3 - 25*s**2/2 + 83*s. Is b(-16) a prime number?
False
Let t be (0 - 3466)*10/(-14 - 6). Let q = -1228 + t. Is q composite?
True
Suppose -8*u + 4173 = 4*x - 5*u, -4*x - 5*u = -4171. Suppose 14*s - 13*s = 2*n + 353, x = 3*s - n. Is s prime?
True
Let l be -3 - (438/(-3) - 2). Let y be l/10 + 1 + (-5)/2. Let a(s) = 10*s + 28. Is a(y) a prime number?
False
Let m = -334035 + 528664. Suppose -m = -6*i - 18631. Is i prime?
True
Suppose -3*i + 4*i = 56. Suppose -5*d - 2*d = -i. Let t(o) = o**2 + 8*o - 1. Is t(d) a composite number?
False
Suppose 3*r - 37 = -5*d, -2*r - 4*d + 13 = -3*d. Suppose 0 = 5*t - r*h - 23629, 18924 = 4*t + 8*h - 6*h. Is t a prime number?
True
Let c(f) = -3*f**2 + 7*f - 11. Let o be c(7). Let i = 119 + o. Is 2498*(1/6 + i/30) a composite number?
False
Let n be ((-40)/(-15))/((-5)/(-135)). Let y = n - 68. Suppose 0 = 3*i - y*i + 3*o + 914, 0 = -2*o + 2. Is i prime?
False
Let m be (-2)/(-7) + (-176)/28. Let r be (14/m - -3)*3. Suppose 3*h + 2 + 7 = 0, -2*d = -r*h - 2098. Is d a composite number?
True
Let g(j) = 522*j**3 + 13*j - 25. Suppose -59*w + 8 = -55*w. Is g(w) prime?
True
Let u be -1 + 26/22 - (-798)/209. Suppose -k + 5*k - 1996 = u*h, -4*k - 3*h = -1996. Is k a pr